{"id":241,"date":"2026-01-06T23:47:34","date_gmt":"2026-01-06T23:47:34","guid":{"rendered":"https:\/\/www.vejenudaftraumeogstress.dk\/?page_id=241"},"modified":"2026-01-07T00:19:46","modified_gmt":"2026-01-07T00:19:46","slug":"blog-viden-om-nervesystemet-og-traumer","status":"publish","type":"page","link":"http:\/\/www.vejenudaftraumeogstress.dk\/index.php\/blog-viden-om-nervesystemet-og-traumer\/","title":{"rendered":"Blog. Viden om nervesystemet og traumer"},"content":{"rendered":"<p>[et_pb_section fb_built=&#8221;1&#8243; fullwidth=&#8221;on&#8221; _builder_version=&#8221;4.0.11&#8243;][et_pb_fullwidth_image src=&#8221;http:\/\/www.vejenudaftraumeogstress.dk\/wp-content\/uploads\/2026\/01\/Blog-viden-om-nervesystemet-og-traumer.png&#8221; _builder_version=&#8221;4.0.11&#8243;][\/et_pb_fullwidth_image][\/et_pb_section][et_pb_section fb_built=&#8221;1&#8243; fullwidth=&#8221;on&#8221; _builder_version=&#8221;4.0.11&#8243;][et_pb_fullwidth_header title=&#8221;Grundl\u00e6ggende information om nervesystemet&#8221; _builder_version=&#8221;4.0.11&#8243; title_font=&#8221;Old Standard TT||||||||&#8221; content_font=&#8221;Old Standard TT||||||||&#8221; background_layout=&#8221;light&#8221; custom_margin=&#8221;||-83px||false|false&#8221; hover_enabled=&#8221;0&#8243;]<\/p>\n<p>Nervesystemet er meget komplekst, derfor mener jeg det er vigtigt at sk\u00e6re helt ind til benet og skrive om nervesystemet p\u00e5 en nem og lettilg\u00e6ngelig m\u00e5de, s\u00e5 alle kan forst\u00e5 vigtigheden af hvorfor det er s\u00e5 livsn\u00f8dvendigt at l\u00e6re om nervesystemet samt at regulere det&#8230;<\/p>\n<p>[\/et_pb_fullwidth_header][\/et_pb_section][et_pb_section fb_built=&#8221;1&#8243; _builder_version=&#8221;4.0.11&#8243;][et_pb_row column_structure=&#8221;1_3,1_3,1_3&#8243; _builder_version=&#8221;4.0.11&#8243;][et_pb_column type=&#8221;1_3&#8243; _builder_version=&#8221;4.0.11&#8243;][et_pb_image src=&#8221;http:\/\/www.vejenudaftraumeogstress.dk\/wp-content\/uploads\/2026\/01\/1.png&#8221; _builder_version=&#8221;4.0.11&#8243;][\/et_pb_image][\/et_pb_column][et_pb_column type=&#8221;1_3&#8243; _builder_version=&#8221;4.0.11&#8243;][et_pb_image src=&#8221;http:\/\/www.vejenudaftraumeogstress.dk\/wp-content\/uploads\/2026\/01\/2.png&#8221; _builder_version=&#8221;4.0.11&#8243;][\/et_pb_image][\/et_pb_column][et_pb_column type=&#8221;1_3&#8243; _builder_version=&#8221;4.0.11&#8243;][et_pb_image src=&#8221;http:\/\/www.vejenudaftraumeogstress.dk\/wp-content\/uploads\/2026\/01\/3.png&#8221; _builder_version=&#8221;4.0.11&#8243;][\/et_pb_image][\/et_pb_column][\/et_pb_row][\/et_pb_section]<\/p>\n","protected":false},"excerpt":{"rendered":"<p>[et_pb_section fb_built=&#8221;1&#8243; fullwidth=&#8221;on&#8221; _builder_version=&#8221;4.0.11&#8243;][et_pb_fullwidth_image src=&#8221;http:\/\/www.vejenudaftraumeogstress.dk\/wp-content\/uploads\/2026\/01\/Blog-viden-om-nervesystemet-og-traumer.png&#8221; _builder_version=&#8221;4.0.11&#8243;][\/et_pb_fullwidth_image][\/et_pb_section][et_pb_section fb_built=&#8221;1&#8243; fullwidth=&#8221;on&#8221; _builder_version=&#8221;4.0.11&#8243;][et_pb_fullwidth_header title=&#8221;Grundl\u00e6ggende information om nervesystemet&#8221; _builder_version=&#8221;4.0.11&#8243; title_font=&#8221;Old Standard TT||||||||&#8221; content_font=&#8221;Old Standard TT||||||||&#8221; background_layout=&#8221;light&#8221; custom_margin=&#8221;||-83px||false|false&#8221; hover_enabled=&#8221;0&#8243;] Nervesystemet er meget komplekst, derfor mener jeg det er vigtigt at sk\u00e6re helt ind til benet og skrive om nervesystemet p\u00e5 en nem og lettilg\u00e6ngelig m\u00e5de, s\u00e5 alle kan forst\u00e5 vigtigheden af [&hellip;]<\/p>\n","protected":false},"author":1,"featured_media":0,"parent":0,"menu_order":0,"comment_status":"closed","ping_status":"closed","template":"","meta":{"_et_pb_use_builder":"on","_et_pb_old_content":"","footnotes":""},"class_list":["post-241","page","type-page","status-publish","hentry"],"_links":{"self":[{"href":"http:\/\/www.vejenudaftraumeogstress.dk\/index.php\/wp-json\/wp\/v2\/pages\/241"}],"collection":[{"href":"http:\/\/www.vejenudaftraumeogstress.dk\/index.php\/wp-json\/wp\/v2\/pages"}],"about":[{"href":"http:\/\/www.vejenudaftraumeogstress.dk\/index.php\/wp-json\/wp\/v2\/types\/page"}],"author":[{"embeddable":true,"href":"http:\/\/www.vejenudaftraumeogstress.dk\/index.php\/wp-json\/wp\/v2\/users\/1"}],"replies":[{"embeddable":true,"href":"http:\/\/www.vejenudaftraumeogstress.dk\/index.php\/wp-json\/wp\/v2\/comments?post=241"}],"version-history":[{"count":9,"href":"http:\/\/www.vejenudaftraumeogstress.dk\/index.php\/wp-json\/wp\/v2\/pages\/241\/revisions"}],"predecessor-version":[{"id":259,"href":"http:\/\/www.vejenudaftraumeogstress.dk\/index.php\/wp-json\/wp\/v2\/pages\/241\/revisions\/259"}],"wp:attachment":[{"href":"http:\/\/www.vejenudaftraumeogstress.dk\/index.php\/wp-json\/wp\/v2\/media?parent=241"}],"curies":[{"name":"wp","href":"https:\/\/api.w.org\/{rel}","templated":true}]}}